213552/324. Let f = n + -366. Is f a composite number?
False
Let m(i) = -i**3 - i**2 - 2*i - 1. Let j be m(-1). Suppose -j - 3 = -c. Is 2 - ((-2104)/2)/c a composite number?
True
Is 143462/132 - 1/(-6) a composite number?
False
Suppose 80715 = 13*f + 2*f. Is f a prime number?
True
Suppose 5*d - 2*m = 24, 2*m = 6*m + 8. Suppose 0 = w - 4*h + 5, -w + 1 = d*h - 2. Is 2/((-8)/492)*w composite?
True
Is (-1042)/(((-1)/(-69))/(8/(-48))) a composite number?
True
Suppose 4*o - 39 = -7. Let t = o + -14. Is (-670)/t + (-10)/15 a prime number?
False
Let b(a) = a - 17. Let n be b(11). Let j = n - -13. Suppose j*s - 104 = 155. Is s composite?
False
Is 9*1350*1 + -1 a composite number?
False
Suppose 3*f + 31*u - 42305 = 27*u, 3*u = 15. Is f prime?
False
Suppose -817466 = -140*m + 114*m. Is m composite?
True
Suppose -4*q + 250 + 345 = -n, 1717 = -3*n - 5*q. Let u = 886 + n. Is u a composite number?
False
Let c(o) be the third derivative of -o**6/10 + o**5/15 + o**4/12 - o**3/2 + o**2. Let k = 152 - 156. Is c(k) a prime number?
True
Let r(b) = 369*b**2 + 13*b + 21. Is r(-2) composite?
False
Is (-8)/14 + 4/((-168)/(-768666)) prime?
True
Is (-1)/4 - (-226071)/12 prime?
True
Suppose a - 3223 = -4*a - 4*o, -1309 = -2*a + 5*o. Is a composite?
False
Suppose -l + 16734 = 5*l. Is l a composite number?
False
Suppose -3*s + 6528 = -4545. Let p = s - -4596. Is p a composite number?
False
Let m = 11314 - 4036. Is (m/12)/(4/8) a composite number?
False
Suppose -2*m - 4*l - 10 = 0, -3*l - l = -3*m - 65. Let u = 9 + m. Is u/(-27) + 475/9 composite?
False
Let v = 106 - 93. Suppose 3*l = 15, l = -2*n + v + 54. Is n prime?
True
Suppose 28*z = 40*z - 33732. Is z a composite number?
True
Let m(d) = -872*d + 59. Is m(-4) a prime number?
True
Is -9 - -6 - -8 - -49476 a composite number?
False
Suppose 5*l = -w + 88282, 3*l + 10*w = 13*w + 52980. Is l a composite number?
False
Let t = -10743 + 27714. Is t a prime number?
False
Let u = 4002 - -859. Is u a composite number?
False
Suppose -l + 3*j = -12, -j - 3 - 1 = 3*l. Suppose l = c - 6*c + 35. Suppose 2*h = c*h - 95. Is h a composite number?
False
Let r = 28 + -18. Suppose r = -5*h - 5. Is h*(1 - (-70)/(-3)) a prime number?
True
Suppose -p = 2*y + 13471 - 84963, -35757 = -y + 5*p. Is y composite?
False
Suppose -3326*m + 27848 = -3318*m. Is m a composite number?
True
Let c(n) = -n**2 - 14*n - 11. Let r be c(-13). Let o = -8 + r. Is 2/o + 188/6 composite?
False
Let w(m) = -m**2 + 10*m - 1. Let y be w(8). Let c = y + -11. Suppose -2*p + 306 = -4*s, 2*s - 186 = -c*p + 406. Is p prime?
True
Let g = 20204 + -9857. Is g composite?
True
Suppose 4*d + 4 - 24 = 0. Suppose 3*m = 4*v + d, -2*v + 5*m + 0*m = 13. Is v*(1131/3 + -4) a composite number?
False
Suppose -i + 4 = -5*i. Let j be 5 - -2 - (-1 - i). Let n(g) = 20*g - 7. Is n(j) prime?
False
Let s(t) = -t + 14. Let f be s(9). Suppose f*d - 264 = d. Suppose 2*g - 128 = d. Is g a composite number?
False
Let n = -9 - -4. Is n/(10/(-162)) - -2 a composite number?
False
Suppose -4*h - 3041 = -5*m, -m + 0*m + 610 = h. Suppose -o = -4*o + m. Is o a prime number?
False
Let z = -26 + 75. Is (-1)/((-7)/4) + 106939/z a prime number?
False
Let a = 1 - -4. Suppose 2*r - 3*q - 4524 = 104, 0 = -2*r - a*q + 4644. Is r prime?
False
Let v be ((-3)/6)/(1/16). Let r(a) = 7*a**2 + 5*a - 19. Is r(v) composite?
False
Let s = -4748 - -7797. Let a(c) = -356*c - 4. Let i be a(-6). Let l = s - i. Is l a prime number?
False
Suppose -5*a + 6065 = -5*p, -5*a + 3*p = -996 - 5069. Is a a prime number?
True
Is -1497*(60/(-18))/10 a composite number?
False
Let c be -7 - 75 - (-2 - -4). Let x = c + 343. Is x prime?
False
Suppose 0 = -4*g + 3*h + 15570, 2*h - 8383 = -4*g + 7177. Is g a composite number?
True
Let k be (-64)/(-20) + (6/(-5) - -1). Suppose -k*d - 1209 = -3*i + 123, 2*i + 4*d = 918. Is i composite?
False
Let y(v) = -v**3 - 8*v**2 - 5*v - 6. Suppose -3 = -5*n + 4*f - 23, 4*n - 3*f = -17. Let a be y(n). Let t = a + -9. Is t a prime number?
False
Suppose 0 = 3*c + q - 1, 4*q - 5*q = -5*c + 15. Let f = 151 - c. Is f a composite number?
False
Is 3 + ((-2136)/(-20))/((-3)/(-140)) a composite number?
False
Let i(v) = 7*v**3 - 11*v**2 + 3*v + 9. Let x(j) = 3*j**3 - 5*j**2 + j + 4. Let r(w) = 6*i(w) - 13*x(w). Is r(5) prime?
False
Suppose 2*n + 4*v = 16182, 5*n - 40485 = -v - 3*v. Is n a composite number?
False
Suppose -u = 467 + 348. Let n = u + 1456. Is n a prime number?
True
Let z = -29242 + 46269. Is z a prime number?
True
Suppose 0 = -2*q - 3*p - 9, -2*q = -4*p - p - 15. Suppose -o + q*o - 3*a = -8, 4*o - 4*a = 16. Let l(c) = -c**3 + 5*c**2 + 7*c - 4. Is l(o) a prime number?
True
Suppose 3*g - 38 = 5*g + 4*z, 0 = 4*g - 2*z + 86. Let q = -17 - g. Suppose 150 = -q*s + 1202. Is s composite?
False
Let p(x) = -x**3 - 2*x**2 + 9*x + 4. Let j be p(-4). Suppose j*w = 3*w + 84. Is 29 - (-7)/(w/(-8)) composite?
False
Suppose -860776 + 11072971 = 105*n. Is n prime?
True
Suppose -4*g + 55 + 53 = 5*a, -3 = g. Suppose 15 = 3*o + a. Is (-258)/4*(-5 - o) composite?
True
Let h = 8 - 1. Let i(p) = -10*p - 6. Let j be i(h). Is j*(-1)/12*3 a composite number?
False
Suppose -2*x = -3*q - 7559, 4*x - 6141 = 5*q + 8982. Is x composite?
True
Suppose 14*q - 990607 = -3*q. Is q a composite number?
False
Let s(j) be the third derivative of 3*j**4/8 + 2*j**3/3 - j**2. Let f(m) = m**3 + 9*m**2 - m - 2. Let h be f(-9). Is s(h) composite?
False
Suppose -45 = -13*f + 10*f. Suppose -3 = 4*i - f. Suppose z - 3*z = -4*o - 242, -i*o = -9. Is z a prime number?
True
Suppose 3*m - 11 = -2. Suppose m*w - 9 = -0*w. Suppose -w*g - 41 + 212 = 0. Is g composite?
True
Let o be (-3)/(-9) - (-7165)/15. Let c(g) = 2*g + 1. Let m be c(1). Suppose -k + m*k = 3*r + 176, -5*k = 2*r - o. Is k prime?
False
Suppose 5*l - 12*l = -33446. Is l composite?
True
Let v(l) be the first derivative of l**2/2 - l - 1. Let z be v(6). Suppose -a + 324 = z*c + 44, -4*a + 1168 = 4*c. Is a a prime number?
False
Suppose -197 + 21 = -2*i. Let f = 467 - i. Is f prime?
True
Let c = 339 + -80. Is c composite?
True
Let l be 2*((-2)/4 - 855/(-6)). Suppose -l = -5*r + 1061. Is r a prime number?
True
Let p(y) = y**3 + 75*y**2 + 142*y - 151. Is p(-69) composite?
False
Let h be (-2)/(-3)*(-4)/((-16)/30). Suppose x = -h*w - x + 639, 5*w - 631 = 2*x. Is w a composite number?
False
Let d(n) = -45*n**3 - 6*n**2 - 3*n - 5. Let x = 82 + -85. Is d(x) a composite number?
True
Let j = 20 + -23. Let m(l) = -l**2 - 4*l. Let d be m(j). Suppose d*q - 5*k - 344 = 0, -4*k - 503 = -4*q - 47. Is q prime?
True
Suppose -15*t + 49475 = 10*t. Is t a composite number?
False
Is (-11543)/(-2) - ((-154)/28 - -6) prime?
False
Suppose -5*v = -v - 244. Let i = 1 + v. Let h = -28 + i. Is h a prime number?
False
Let c be (9/2)/(42/19208). Let n = c + -1081. Is n composite?
False
Suppose 4*b + 0 = 12. Suppose 0*o + 20 = -5*o + 2*i, 3*o - b*i + 21 = 0. Is -9*(-20)/12 + o a composite number?
False
Let f = -143 - -2228. Suppose 4*z + z - 2*y - f = 0, -828 = -2*z + 2*y. Is z a composite number?
False
Suppose 757 = 4*z - 23247. Is z a composite number?
True
Suppose -v + 3*l - 6*l + 25 = 0, 0 = -5*l + 20. Suppose 0 = 7*j - v*j + 1014. Is j a prime number?
False
Let f(y) = 36*y - 24. Let j be f(6). Let u = 61 + j. Is u a prime number?
False
Suppose 0 = r + 1, 2*u + 2*r - 10150 = 25060. Is u a composite number?
True
Let n be (-4)/(((-8)/(-758))/2). Let d = 1372 + n. Is d a prime number?
False
Let o = 28 + -70. Is 4/14 + (-28422)/o + 0 a prime number?
True
Let n(q) = -7*q**3 - 10*q**2 - 20*q - 38. Is n(-6) a prime number?
False
Let j(s) = 8*s**3 - s**2 - s + 1. Suppose 3*x - x = 2. Is j(x) a prime number?
True
Let t(s) = -49*s - 13. Let k be t(3). Let j = 79 - k. Is j prime?
True
Suppose 0 = 3*i - 5*d - 51, -4*d = 13 - 1. Suppose -3*z + 0 + i = 0. Let l(w) = 21*w + 5. Is l(z) a composite number?
False
Let p(y) = -382*y - 3. Let v(i) = -i - 8. Let w be v(-7). Is p(w) a prime number?
True
Suppose 4*n = 4*i - 19856, -2*i - n + 9704 = -239. Is i a prime number?
True
Let s(c) be the third derivative of c**6/120 + c**5/4 + 7*c**4/24 + c**3/3 + 39*c**2. Is s(-11) prime?
True
Let a = 6 + 45. Let c = 738 - a. Is 4 + -3 + c + 3 a composite number?
False
Suppose 2*p - 5*b + 11 = 0, 3*p + 4 = 5*b - 0*b. Let x(r) = r**2 - 4*r - 17. Let u be x(